3 - 16*a**2 - 14*a - 47. Determine t(17).
4
Let f(j) = 99*j**2 + 2*j - 1. Determine f(1).
100
Let y(b) = b**2 + 10*b + 12. Give y(-5).
-13
Let t(o) = o**3 - 3*o**2 - 4*o + 7. What is t(3)?
-5
Let d(r) = r**2 + 4*r - 2. Calculate d(-7).
19
Let d(y) = -y**2 - 16*y - 28. Determine d(-12).
20
Let j(d) = 2*d - 37. Calculate j(7).
-23
Let t(k) = k - 9. Give t(12).
3
Let m(i) = 6*i**2 - 115*i - 3. Give m(19).
-22
Let w(f) = 4*f**2 - 48*f + 13. Determine w(12).
13
Let p(d) = -20*d**2 - d. Determine p(-1).
-19
Let s(x) = -9*x - 1. Calculate s(1).
-10
Let j(p) = -5*p**2 - 43*p - 78. What is j(-6)?
0
Let l(y) = -y**2 - 12*y - 12. What is l(-10)?
8
Let f(p) = p**3 + 8*p**2 + 8*p - 10. Give f(-7).
-17
Let o(w) = -2*w**2 + 3*w + 8. Determine o(3).
-1
Let g(j) = -4*j + 12. What is g(8)?
-20
Let u(c) = -c**3 - 18*c**2 - 21. Calculate u(-18).
-21
Let l(x) = -x**3 - 23*x**2 + 53*x + 75. Calculate l(-25).
0
Let u(l) = l + 79. Give u(-53).
26
Let v(l) = 175*l - 523. Calculate v(3).
2
Let m(p) = p**2 - 5*p - 6. Give m(3).
-12
Let k(c) = 2*c + 22. Determine k(-16).
-10
Let s(m) = -m**2 + 4*m - 3. Calculate s(2).
1
Let x(s) = 11*s - 44. Calculate x(5).
11
Let s(t) = -354*t + 2122. Calculate s(6).
-2
Let i(b) = -b**3 - 9*b**2 + 6*b + 8. Give i(-9).
-46
Let w(f) = -3*f + 1. Determine w(-2).
7
Let j(y) = y**2 - 3*y - 16. Give j(-6).
38
Let r(h) = h**3 + 6*h**2 + 7*h + 9. Determine r(-5).
-1
Let f(g) = -5*g + 1. Give f(1).
-4
Let f(v) = v**3 + 16*v**2 + 17*v + 23. Give f(-15).
-7
Let j(z) = z**3 + z - 12. Determine j(0).
-12
Let v(t) = t**2 + 3*t + 3. Calculate v(-4).
7
Let v(k) = k**3 + 5*k**2 - 9*k - 2. Give v(-6).
16
Let i(x) = -11*x**2. Calculate i(2).
-44
Let h(c) = -c**3 + 11*c**2 - 5*c + 45. Give h(11).
-10
Let m(d) = d**2 + 7*d. Determine m(-7).
0
Let v(d) = -72*d + 63. What is v(1)?
-9
Let u(g) = -g**3 + g**2 - g + 1. Give u(1).
0
Let l(n) = n**2 + 9*n + 3. What is l(-9)?
3
Let v(z) = 4*z - 3. Give v(2).
5
Let k(t) = t**3 + 5*t**2 + 12*t + 20. Give k(-4).
-12
Let y(b) = -b**3 - 3*b**2 + 29*b + 24. Give y(-7).
17
Let c(r) = 21*r + 21. Give c(-5).
-84
Let i(g) = -6*g**2 + g - 4. Calculate i(3).
-55
Let u(k) = -2*k - 1. Give u(-4).
7
Let q(y) = -y**2 - 16*y + 226. What is q(9)?
1
Let r(p) = p**3 - 6*p**2 + p - 5. What is r(6)?
1
Let w(m) = -m**2 - 7*m - 26. What is w(-5)?
-16
Let i(d) = -67*d - 665. Calculate i(-10).
5
Let n(u) = 2*u + 2. Calculate n(5).
12
Let p(g) = 10*g + 55. What is p(-5)?
5
Let g(t) = -52*t - 5. What is g(1)?
-57
Let b(r) = 4*r - 7. Give b(1).
-3
Let k(z) = z**3 + 2*z**2 + 6*z - 7. What is k(3)?
56
Let c(x) = 25*x - 270. Give c(11).
5
Let m(y) = 5*y**3 + 2*y**2 + 2*y + 1. Give m(-1).
-4
Let l(o) = -9*o**2 + 2. Give l(-2).
-34
Let j(w) = 247*w - 2. What is j(0)?
-2
Let r(y) = y + 30. Give r(-17).
13
Let y(n) = n**3 - 9*n**2 + 4*n - 5. Calculate y(8).
-37
Let j(l) = l**3 + 8*l**2 + l - 12. Determine j(-8).
-20
Let m(u) = u**3 - 5*u**2 - 5*u + 1. What is m(5)?
-24
Let q(t) = t**2 + 6*t - 38. Determine q(-10).
2
Let l(p) = 11*p + 25. Calculate l(-2).
3
Let k(j) = 13*j. Calculate k(-1).
-13
Let x(q) = q**3 + 10*q**2 - 53. Determine x(-9).
28
Let g(i) = i**3 + 17*i**2 + 27*i - 30. Calculate g(-15).
15
Let y(o) = -5*o**2 + 2*o + 2. Calculate y(-2).
-22
Let x(d) = -d**2 + 12*d - 22. Give x(7).
13
Let q(j) = -j**3 - 14*j**2 + 13*j - 2. Give q(-15).
28
Let y(t) = t**3 - 4*t**2 + t + 7. Determine y(3).
1
Let v(q) = 69*q - 2. What is v(-1)?
-71
Let d(b) = 3*b - 31. Give d(11).
2
Let t(v) = -v**3 + 17*v**2 - 13*v + 22. Determine t(16).
70
Let n(q) = q**3 - 15*q**2 - 10*q - 103. Determine n(16).
-7
Let y(z) = -2*z**2 - 25*z + 12. Determine y(-7).
89
Let r(a) = a**3 + 9*a**2 + 8*a + 2. Determine r(-8).
2
Let g(i) = 5*i**2 + i. What is g(-1)?
4
Let q(s) = s**2 - 2*s + 11. Give q(0).
11
Let j(w) = -w**2 - 19*w + 220. Determine j(-27).
4
Let v(s) = -20*s**2 - 1. What is v(1)?
-21
Let f(t) = t**3 + 24*t**2 - 24*t + 40. Determine f(-25).
15
Let b(q) = -q**2 + 5*q + 8. Calculate b(7).
-6
Let g(k) = -k**3 + 7*k**2 + 9*k + 24. Determine g(8).
32
Let v(i) = -21*i + 40. Determine v(2).
-2
Let l(x) = 3*x**2 + x - 2. What is l(-2)?
8
Let v(h) = -17*h**3 - h**2 + 1. Determine v(-1).
17
Let w(t) = 14*t + 1. Calculate w(1).
15
Let d(i) = i**3 + 2*i**2 + 7*i + 3. Determine d(-3).
-27
Let r(l) = l**3 + 32*l**2 + 30*l - 27. Determine r(-31).
4
Let d(u) = u**3 - 3*u**2 + u + 2. Determine d(-1).
-3
Let o(l) = -7*l - 41. What is o(-8)?
15
Let v(w) = w**2 - 9*w + 11. What is v(11)?
33
Let g(p) = -p + 11. Calculate g(0).
11
Let v(k) = k**2 - 2*k - 8. Give v(6).
16
Let x(s) = 5*s - 3. Give x(2).
7
Let t(g) = -5*g - 4. What is t(-7)?
31
Let x(s) = s**2 - 13*s + 36. Determine x(7).
-6
Let y(k) = k**3 + 11*k**2 + k - 10. Calculate y(-11).
-21
Let d(g) = g**2 - 9*g + 4. Give d(17).
140
Let x(s) = -2*s**2 - s + 48. What is x(-4)?
20
Let w(b) = -15*b - 24. What is w(-11)?
141
Let p(s) = -s**3 - 4*s**2 + 7. Calculate p(-2).
-1
Let z(t) = t - 33. Give z(26).
-7
Let o(w) = w**3 - 4*w**2 + 2*w + 10. What is o(5)?
45
Let d(q) = -q - 2. Give d(-7).
5
Let a(o) = o**3 + 6*o**2 - 9*o - 10. Calculate a(-7).
4
Let l(b) = -114*b + 672. What is l(6)?
-12
Let j(q) = -3*q + 40. What is j(19)?
-17
Let a(v) = v**3 - v**2 - v - 3. Give a(0).
-3
Let f(y) = -y**3 + 3*y**2 + 17*y + 1. Give f(6).
-5
Let d(i) = -2*i + 20. Give d(7).
6
Let b(u) = u**2 + 6*u - 5. Determine b(-6).
-5
Let c(t) = 3*t - 37. Determine c(-8).
-61
Let n(i) = -i + 23. Determine n(-6).
29
Let i(u) = -u**3 + 11*u**2 + 15*u - 30. What is i(12)?
6
Let x(t) = t**3 - 4*t**2 + 6*t - 2. Calculate x(3).
7
Let j(p) = -p**3 - 3*p**2 - 3*p + 4. Give j(-4).
32
Let f(q) = -41*q + 113. Give f(2).
31
Let g(p) = -2*p**2 - 35. Determine g(0).
-35
Let b(x) = -x**3 + 4*x**2 + 9*x + 6. Determine b(6).
-12
Let z(j) = 2*j - 20. What is z(10)?
0
Let d(o) = -46*o**3 + o**2. Determine d(1).
-45
Let d(m) = m**3 + 8*m**2 - 9*m - 3. Give d(-9).
-3
Let n(t) = -t**3 - 16*t**2 - 45*t - 67. Determine n(-13).
11
Let k(d) = -4*d**2 + d + 7. Calculate k(3).
-26
Let g(w) = 4*w**2 + 3*w - 2. Give g(-4).
50
Let t(g) = g**3 + 9*g**2 - 9*g + 1. Give t(-10).
-9
Let o(t) = -t**3 + 7*t**2 - 7*t - 9. What is o(6)?
-15
Let r(m) = -8*m**3 + 3*m**2 + m - 2. Determine r(2).
-52
Let z(q) = 5*q - 2. Determine z(-4).
-22
Let t(v) = 2*v**3 + 6*v**2 + v - 3. Determine t(-2).
3
Let h(o) = -o**3 + 31*o**2 + 66*o + 5. Give h(33).
5
Let s(r) = -r - 1. Give s(0).
-1
Let f(o) = -o**2 + 4*o - 5. Determine f(0).
-5
Let x(h) = 18*h. Calculate x(1).
18
Let k(w) = 2*w**3 - w**2 - 35*w + 3. Calculate k(-4).
-1
Let s(t) = -t**2 - 21*t + 15. Determine s(-19).
53
Let u(q) = -85*q - 928. What is u(-11)?
7
Let k(y) = y**2 - 16*y + 53. Calculate k(12).
5
Let q(l) = l**2 + 14*l - 55. Give q(3).
-4
Let p(s) = s**2 + 9*s - 8. Determine p(-12).
28
Let y(t) = -2*t**2 - 10*t. Calculate y(6).
-132
Let r(p) = 2*p**2 - 7*p - 9. Determine r(5).
6
Let a(f) = -3*f**3 - 6*f**2 - 4*f + 6. Give a(-3).
45
Let a(s) = 2*s**2 + 9*s + 9. Calculate a(-9).
90
Let q(k) = -k**3 + 17*k**2 + k - 34. Calculate q(17).
-17
Let j(h) = h + 5. What is j(-13)?
-8
Let z(l) = l**3 - 6*l**2 + 5*l + 4. Determine z(5).
4
Let t(r) = -r**3 + 2*r**2 + 5*r - 7. Give t(5).
-57
Let i(j) = -3*j**2 + 4*j + 1. Determine i(4).
-31
Let n(a) = -27*a + 77. Determine n(5).
-58
Let m(o) = o**3 + 8*o**2 + 5*o - 3. What is m(-7)?
11
Let g(f) = -f**2 - 2*f + 5. Calculate g(0).
5
Let r(b) = -b**3 - 5*b**2 + 9*b + 9. Determine r(-7).
44
Let z(g) = g**3 - 16*g**2 + 17*g - 21. Calculate z(15).
9
Let v(c) = -2*c + 6. Calculate v(-10).
26
Let k(m) = -m**3 - 6*m**2 - m + 7. Calculate k(-6).
13
Let h(l) = 33*l + 244. Calculate h(-7).
13
Let o(v) = 2*v**2 - 2*v + 38. What is o(0)?
38
Let u(m) = -m**2 + m + 4. Calculate u(-2).
-2
Let g(u) = -u**3 + 11*u**2 + 40*u + 28. Calculate g(14).
0
Let b(d) = -d**2 - 8*d + 9. What is b(-9)?
0
Let v(n) = -n**3 + 24*n**2 + 25*n - 32. Give v(25).
-32
Let u(m) = 20*m**2 + 5*m - 3. Determine u(-2).
67
Let d(j) = -2*j**2 - 7*j + 7. Calculate d(-6).
-23
Let u(n) = -3*n**3 - 3*n**2 + 2*n + 2. Calculate u(2).
-30
Let z(o) = -4*o + 13. What is z(7)?
-15
Let s(l) = l**3 - 15*l**2 + 17*l - 257. Determine s(15).
-2
Let n(g) = 2*g**2 - 2*g - 1. Determine n(3).
11
Let g(y) = -y**2 - 5*y + 2. Determine g(-3).
8
Let u(j) = -2*j**3 - 10*j**2 + 